sands digit of 4144?
4
What is the tens digit of 15321?
2
What is the tens digit of 4368?
6
What is the hundreds digit of 42241?
2
What is the hundreds digit of 8920?
9
What is the units digit of 47528?
8
What is the units digit of 5479?
9
What is the ten thousands digit of 21229?
2
What is the units digit of 17?
7
What is the tens digit of 4460?
6
What is the hundreds digit of 35605?
6
What is the units digit of 11425?
5
What is the thousands digit of 47807?
7
What is the hundred thousands digit of 120962?
1
What is the thousands digit of 43472?
3
What is the hundreds digit of 673?
6
What is the tens digit of 4010?
1
What is the hundreds digit of 826?
8
What is the hundreds digit of 14938?
9
What is the tens digit of 1381?
8
What is the units digit of 4307?
7
What is the tens digit of 343?
4
What is the thousands digit of 70127?
0
What is the units digit of 3365?
5
What is the units digit of 9887?
7
What is the units digit of 4493?
3
What is the hundreds digit of 7616?
6
What is the hundreds digit of 66813?
8
What is the units digit of 3785?
5
What is the hundreds digit of 1872?
8
What is the thousands digit of 1026?
1
What is the thousands digit of 5797?
5
What is the tens digit of 84598?
9
What is the tens digit of 21726?
2
What is the tens digit of 610?
1
What is the hundred thousands digit of 118104?
1
What is the hundreds digit of 10207?
2
What is the thousands digit of 1482?
1
What is the units digit of 8960?
0
What is the units digit of 1717?
7
What is the units digit of 29926?
6
What is the hundreds digit of 1152?
1
What is the tens digit of 105547?
4
What is the tens digit of 1219?
1
What is the units digit of 25?
5
What is the thousands digit of 41431?
1
What is the tens digit of 344?
4
What is the thousands digit of 9213?
9
What is the tens digit of 19302?
0
What is the thousands digit of 2650?
2
What is the units digit of 9161?
1
What is the hundreds digit of 4131?
1
What is the units digit of 12?
2
What is the tens digit of 13229?
2
What is the units digit of 418?
8
What is the units digit of 3538?
8
What is the tens digit of 49662?
6
What is the units digit of 42230?
0
What is the tens digit of 7257?
5
What is the ten thousands digit of 56130?
5
What is the units digit of 400?
0
What is the thousands digit of 4965?
4
What is the hundreds digit of 7645?
6
What is the thousands digit of 50921?
0
What is the hundreds digit of 17245?
2
What is the units digit of 6416?
6
What is the thousands digit of 6758?
6
What is the ten thousands digit of 29091?
2
What is the tens digit of 22181?
8
What is the thousands digit of 60766?
0
What is the tens digit of 1597?
9
What is the units digit of 545?
5
What is the tens digit of 5172?
7
What is the hundreds digit of 744?
7
What is the units digit of 13682?
2
What is the tens digit of 44578?
7
What is the hundreds digit of 4303?
3
What is the tens digit of 92155?
5
What is the tens digit of 554?
5
What is the units digit of 2678?
8
What is the hundreds digit of 19870?
8
What is the thousands digit of 2787?
2
What is the units digit of 5693?
3
What is the thousands digit of 3101?
3
What is the units digit of 462?
2
What is the units digit of 2148?
8
What is the thousands digit of 15260?
5
What is the tens digit of 98029?
2
What is the units digit of 614?
4
What is the hundreds digit of 25306?
3
What is the units digit of 360?
0
What is the thousands digit of 4941?
4
What is the tens digit of 31?
3
What is the thousands digit of 5908?
5
What is the units digit of 5540?
0
What is the hundreds digit of 52553?
5
What is the units digit of 6709?
9
What is the units digit of 31395?
5
What is the tens digit of 11890?
9
What is the units digit of 5079?
9
What is the thousands digit of 10293?
0
What is the hundreds digit of 535?
5
What is the hundreds digit of 16115?
1
What is the tens digit of 1123?
2
What is the units digit of 268?
8
What is the thousands digit of 7066?
7
What is the tens digit of 66?
6
What is the tens digit of 2500?
0
What is the thousands digit of 1378?
1
What is the hundreds digit of 5494?
4
What is the hundreds digit of 1426?
4
What is the hundreds digit of 11112?
1
What is the tens digit of 238?
3
What is the hundreds digit of 1326?
3
What is the hundreds digit of 388?
3
What is the hundreds digit of 52907?
9
What is the units digit of 90?
0
What is the hundreds digit of 5480?
4
What is the hundreds digit of 4507?
5
What is the hundreds digit of 1372?
3
What is the hundreds digit of 46785?
7
What is the tens digit of 9091?
9
What is the hundreds digit of 3263?
2
What is the hundreds digit of 972?
9
What is the hundreds digit of 3914?
9
What is the tens digit of 259?
5
What is the hundreds digit of 2863?
8
What is the tens digit of 1512?
1
What is the tens digit of 434?
3
What is the units digit of 5088?
8
What is the hundreds digit of 25317?
3
What is the thousands digit of 4920?
4
What is the units digit of 4256?
6
What is the hundreds digit of 909?
9
What is the tens digit of 72737?
3
What is the thousands digit of 17749?
7
What is the ten thousands digit of 14112?
1
What is the hundred thousands digit of 109095?
1
What is the thousands digit of 5787?
5
What is the thousands digit of 1830?
1
What is the tens digit of 617?
1
What is the hundreds digit of 33770?
7
What is the units digit of 1816?
6
What is the thousands digit of 48861?
8
What is the hundreds digit of 4360?
3
What is the thousands digit of 1701?
1
What is the hundreds digit of 349?
3
What is the units digit of 39429?
9
What is the units digit of 3849?
9
What is the hundreds digit of 8346?
3
What is the tens digit of 7917?
1
What is the units digit of 1824?
4
What is the thousands digit of 10637?
0
What is the tens digit of 3285?
8
What is the tens digit of 1293?
9
What is the units digit of 813?
3
What is the units digit of 398?
8
What is the units digit of 35?
5
What is the units digit of 62851?
1
What is the hundreds digit of 1357?
3
What is the thousands digit of 50408?
0
What is the thousands digit of 23960?
3
What is the units digit of 14729?
9
What is the thousands digit of 14699?
4
What is the units digit of 24458?
8
What is the thousands digit of 172364?
2
What is the thousands digit of 4630?
4
What is the units digit of 9139?
9
What is the thousands digit of 2045?
2
What is the ten thousands digit of 11172?
1
What is the tens digit of 42428?
2
What is the units digit of 30875?
5
What is the ten thousands digit of 39040?
3
What is the hundreds digit of 181?
1
What is the thousands digit of 4888?
4
What is the hundreds digit of 35000?
0
What is the tens digit of 3077?
7
What is the tens digit of 771?
7
What is the tens digit of 887?
8
What is the ten thousands digit of 72950?
7
What is the thousands digit of 9731?
9
What is the hundreds digit of 659?
6
What is the thousands digit of 8723?
8
What is the hundreds digit of 8764?
7
What is the hundreds digit of 3875?
8
What is the ten thousands digit of 28103?
2
What is the tens digit of 2241?
4
What is the units digit of 5158?
8
What is the hundreds digit of 1688?
6
What is the tens digit of 575?
7
What is the units digit of 894?
4
What is the hundreds digit of 699?
6
What is the units digit of 977?
7
What is the ten thousands digit of 12116?
1
What is the tens digit of 1522?
2
What is the units digit of 472?
2
What is the units digit of 4272?
2
What is the tens digit of 8149?
4
What is the hundreds digit of 17608?
6
What is the ten thousands digit of 22890?
2
What is the thousands digit of 22316?
2
What is the tens digit of 40916?
1
What is the thousands digit of 56525?
6
What is the hundreds digit of 38266?
2
What is the tens digit of 22866?
6
What is the tens digit of 338?
3
What is the units digit of 3112?
2
What is the ten thousands digit of 12782?
1
What is the thousands digit of 8769?
8
What is the tens digit of 967?
6
What is the units digit of 65?
5
What is the tens digit of 7760?
6
What is the tens digit of 1025?
2
What is the units digit of 64958?
8
What is the tens digit of 73893?
9
What is the ten thousands digit of 11053?
1
What is the tens digit of 5284?
8
What is the ten thousands digit of 37602?
3
What is the ten thousands digit of 65613?
6
What is the tens digit of 762?
6
What is the units digit of 784?
4
What is the hundreds digit of 167